 123, 0 = -z - 5*y + 41. Let t = z - u. What is the tens digit of t?
1
Suppose b - 1959 = -2*u + 2*b, 4*u + 3*b = 3943. What is the tens digit of u?
8
What is the tens digit of 4/(-50) - 2831132/(-1025)?
6
Suppose 11*p = 1092 + 6234. Suppose -2*d = -4*y - 308, 3*d - 7*d - 2*y + p = 0. What is the units digit of d?
4
Let v(w) = w**3 - w**2 - 4*w + 1. Let z be v(0). Let i(k) = 182*k**3 + 2*k**2 + 4*k - 5. What is the hundreds digit of i(z)?
1
What is the hundreds digit of ((-3282)/(-12) + 4)/(2/4)?
5
Let b(j) = j + 14. Let y be b(-10). Suppose -y*k - 3 + 11 = 0. Suppose -15 = -3*u + 4*w + 38, 22 = k*u + 4*w. What is the units digit of u?
5
Let r = 2364 + -1463. What is the units digit of r?
1
Let b(p) = p**2 - 5*p + 6. Let s be b(4). Let m = 2 + s. Suppose 0 = m*n + n - 50. What is the tens digit of n?
1
Let x(d) = -12*d + 199. What is the hundreds digit of x(-36)?
6
Let d = 2980 + -1489. What is the hundreds digit of d?
4
Let p(d) = 4*d**2 + 2*d + 2. Let n be p(-2). Suppose -2264 = -n*b - 486. What is the tens digit of b?
2
Let r(a) = a**3 + 7*a**2 - 4*a - 3. Let o(f) = f**2 - f - 1. Let z(t) = 6*o(t) - r(t). What is the units digit of z(-3)?
1
Let w(j) = 5*j**2 - 5*j + 84. What is the tens digit of w(-12)?
6
Let u(b) = -b**2 + 8*b - 1. Let s be u(7). Let k = 42 + -7. Let d = s + k. What is the units digit of d?
1
Let y(v) = 137*v**3 + 2*v - 1. Suppose -5 = -5*d - 0. Let k be y(d). Suppose 3*w - k = 3*r, 5*r - 210 = 5*w - 10*w. What is the units digit of w?
4
Let c = 2569 + -1114. What is the thousands digit of c?
1
Let a = 1154 + 2224. What is the units digit of a?
8
Let o(v) = 2*v - 6. Let y be o(5). Suppose 3*i = 4*d - 1222, -d + 1526 = y*d - 3*i. Suppose 8*r = -0*r + d. What is the tens digit of r?
3
Suppose 0 = -s - 0 + 4. Let n(t) = 2*t - 3. Let u be n(s). Suppose u*a - 5*w = 30, -7*a + 2*a - 4*w = -30. What is the units digit of a?
6
Let j be (-32)/10*(-200)/16. Let a = 86 - j. What is the units digit of a?
6
Let z = -141 - -389. What is the hundreds digit of z?
2
Let v be (3 - -3)*4 - 1. Suppose -4*c + 5*s - v = 0, 2*c = -c + 4*s - 18. What is the tens digit of 34 + (c - -3)*-2?
3
Suppose 2*n = -d + 6*d + 14957, d + 2987 = -4*n. What is the hundreds digit of d/(-12) - (-9)/(-36)?
2
Let f = 25 + -20. Suppose f*q + 2*z - 631 = -0*z, 0 = 3*z + 6. What is the units digit of q?
7
Let x(z) be the second derivative of -3*z**3/2 - 7*z**2/2 - 2*z. What is the tens digit of x(-5)?
3
Let f be 14 + (-2)/4*6. Let d be (-4)/22 - (-618)/f. Suppose -3*n = -n - d. What is the tens digit of n?
2
Suppose -22*o + 21*o = -r + 1186, 5*o = r - 1178. What is the tens digit of r?
8
Suppose -5*x - 81 - 194 = 0. Let h(j) = -2*j**3 + 6*j**2 - 2*j + 1. Let m be h(4). Let f = m - x. What is the units digit of f?
6
Let b(z) = z + 41. Let v(t) = t**3 + 15*t**2 + 15*t + 26. Let u be v(-14). What is the tens digit of b(u)?
5
Suppose 5*b + 3*d + 1450 = 0, 0*b + 3*d + 1163 = -4*b. Let k be b/(-28) - (-3)/4. Let n = 15 + k. What is the tens digit of n?
2
Let k be (-7)/(7/3)*-3. Let y(s) = 11 + 5*s - k + 10. What is the tens digit of y(7)?
4
Let l(h) = 61*h**2 + 6*h + 9. Let m be l(-4). Suppose 10*g - 2591 + m = 0. What is the hundreds digit of g?
1
Let o(p) be the second derivative of -p**4/4 - 2*p**3/3 - p**2/2 + p. Let u be o(-4). Let d = -16 - u. What is the tens digit of d?
1
Let p(l) = 7*l**2 + 2*l + 23. What is the tens digit of p(-7)?
5
Let l be (-7500)/(-20)*(4/(-6))/(-2). What is the tens digit of l/10*4/5?
1
Let d be (-4)/(-1) + -10 + 4. What is the units digit of d*(1 - (-180)/(-8))?
3
Let v(y) = y**2 + 6*y + 11. Let w be v(-5). Suppose -w*z + 676 = -2*z. What is the tens digit of z?
6
Let d(i) = 29*i**2 + 11*i + 43. What is the units digit of d(-3)?
1
Suppose 3*f - 15 + 45 = 0. Let j(q) = -14*q - q**3 - q**3 - 11*q**2 + q**3 - 15. What is the units digit of j(f)?
5
Let n = -211 - -546. Suppose -4*q - 4*w = -6*w - 268, 0 = -5*q + 2*w + n. What is the tens digit of q?
6
Let s(i) = -70*i - 82. What is the units digit of s(-5)?
8
Suppose 6 = -5*j + 26. Let s = 19 + -15. Suppose -2*o = s*k - 40, 4*o - j*k - 44 = 36. What is the tens digit of o?
2
What is the units digit of (-1)/2 - (6723/(-6))/3?
3
Suppose 7*j + 8 = -6. What is the units digit of (-156)/j - (-19 + 19)?
8
Suppose r + 4688 = 5*k + 1170, 3*r = -k + 694. What is the tens digit of k?
0
Suppose -5*q = -3*y - 20, 5*y + 15 = 3*q + 3. Suppose 7*p - 265 + 20 = y. What is the tens digit of p?
3
Suppose -5*l = 5*j - 4140, 0*l = -3*j + 4*l + 2477. What is the hundreds digit of j?
8
Let u = -55 + 227. Let s = u + -99. What is the tens digit of s?
7
Let v(h) = -h**3 + 8*h**2 - 3*h + 5. Let q be v(6). Suppose -2*f = 5*b - q, -57 - 75 = -5*f + 3*b. What is the tens digit of f?
2
Let a(b) be the first derivative of b**3/3 - b**2/2 - 20*b - 3. What is the tens digit of a(-9)?
7
Let r = 202 + -7. What is the tens digit of r?
9
Let h = -360 - -430. What is the tens digit of h?
7
Let d(x) = -69*x + 299. What is the units digit of d(0)?
9
Suppose -x = 3*x - 4*t - 500, 535 = 4*x + 3*t. What is the tens digit of x?
3
Let s be (-24)/(-3)*((-27)/12)/(-3). Let i(p) = 11*p - 25. What is the units digit of i(s)?
1
Let r(k) be the first derivative of 2*k**3/3 + k**2/2 + 2*k + 1. Suppose 10*v = 2*v + 24. What is the tens digit of r(v)?
2
Suppose 2*j = -j. Suppose j = -4*p - p + 95. What is the units digit of p?
9
Suppose -16*g + 231 = -9. Let z = g + 241. What is the units digit of z?
6
Suppose 785 = 5*a - f, -4*a + 3*f + f = -644. What is the tens digit of a?
5
Suppose -23*u - 15*u = -3420. What is the units digit of u?
0
Suppose 4*p = -0*p. Suppose 2*a = -p*a + 16. Let z = 27 + a. What is the tens digit of z?
3
Suppose 5*d - 1248 = 2*h, 0 = -2*d + 7*h - 3*h + 512. Let s = d - 59. What is the hundreds digit of s?
1
Let r(b) be the third derivative of -b**6/120 - b**5/15 - 7*b**4/24 + b**3/3 - 20*b**2. What is the hundreds digit of r(-6)?
1
Let j = -81 + 48. Let n = 13 + j. What is the units digit of (0 + -1)/(4/n)?
5
Suppose 3*x - 5*x = 0. Let o be -2*3/(-4)*2. Suppose x = o*d - 50 + 5. What is the units digit of d?
5
Suppose -2*d - 885 = -2421. What is the units digit of d?
8
Suppose -2632 - 1304 = -4*z. What is the tens digit of z?
8
Suppose -3*i + 2*c + c + 15 = 0, 0 = -2*i - c + 7. Let a be (-74 + 9)*i/(-10). What is the units digit of 1*-3 - (2 - a)?
1
Suppose 12*q - 2339 = 1633. What is the units digit of q?
1
Let y = -33 - -29. What is the tens digit of y + 19 + -4 + 2?
1
Suppose 4*g = 5*h + 2*g - 3920, -2*h - 4*g + 1592 = 0. What is the tens digit of h?
8
Let i(r) = 68*r + 50. What is the tens digit of i(5)?
9
Let d = 229 + -224. What is the units digit of d?
5
Let o = -59 - -42. Let b = 28 + o. What is the units digit of b?
1
Let l(t) = -t**3 - 6*t**2 + 8*t + 10. Let n be l(-7). Suppose -6*y = 3*i - n*y - 570, -i = -y - 198. What is the units digit of i?
4
Suppose -3*b + 5*o + 133 = 29, 0 = b - o - 32. What is the units digit of b?
8
What is the tens digit of 1 - (-3)/(((-198)/(-1668))/11)?
7
Let h be -10*(26/(-8))/((-5)/(-10)). Suppose a + 0*a - h = 0. What is the units digit of a?
5
Let f(c) = 2*c**2 + c - 6. Let h be f(-5). Suppose -3*i + 225 + h = 0. What is the units digit of i?
8
Let r be (-123)/(-6) - (-1 + (-1)/(-2)). What is the tens digit of (-823)/(-3) - (-14)/r?
7
Let g be (-7448)/60 - (-4)/30. Let b = -64 - g. What is the units digit of b?
0
Let u be ((-561)/(-34))/(1/2). Suppose -u + 3 = -3*f. Let m = f + -6. What is the units digit of m?
4
Suppose z = 3*h + 11, -2*z - 2 = 4*h + 6. Let u be ((-4)/z)/(4 - 5). What is the units digit of (-3)/u*(-44)/6?
1
Suppose -3*b + 42 = 5*h - 192, -2*h = 4*b - 88. Let j = 254 - h. What is the units digit of j?
6
Let o(r) = -15*r**3 + 3*r**2 - 3*r + 13. Let h(t) = 15*t**3 - 4*t**2 + 4*t - 16. Let f(p) = 4*h(p) + 5*o(p). Let z = -4 + 3. What is the units digit of f(z)?
4
Let j(c) = -2*c**2 + 10*c + 8. Let u(o) = -o**2 + 5*o + 4. Let q(a) = 3*j(a) - 5*u(a). Let z be q(5). Suppose 0 = v - 28 + z. What is the units digit of v?
4
Let n = -133 + 0. Let j = 54 - n. What is the units digit of j?
7
Let k be (20 - -4) + -3 + -3. Let l be (-4)/2 + (-36)/k. What is the units digit of 13*2/l*-2?
3
Let z(t) = 7*t**2 - 7*t - 1. Let n be z(7). Suppose -3*l + 2*j - j + n = 0, l = 2*j 